{"id":165,"date":"2017-04-01T13:07:38","date_gmt":"2017-04-01T11:07:38","guid":{"rendered":"http:\/\/clementlazuech.com\/?page_id=165"},"modified":"2018-06-15T09:42:59","modified_gmt":"2018-06-15T07:42:59","slug":"histoire-clement-lazuech-influenceur-blogueur-france-toulouse-paris","status":"publish","type":"page","link":"https:\/\/clementlazuech.com\/index.php\/histoire-clement-lazuech-influenceur-blogueur-france-toulouse-paris\/","title":{"rendered":"Cl\u00e9ment Lazuech"},"content":{"rendered":"<h2>Qui est Cl\u00e9ment Lazuech ?<\/h2>\n<p>Curieux, sportif et\u00a0ambitieux, <strong>Cl\u00e9ment\u00a0LAZUECH<\/strong>\u00a0est\u00a0attir\u00e9\u00a0par le monde de la <strong>Mode<\/strong> et de la <strong>Com\u00e9die<\/strong> depuis son plus jeune \u00e2ge.<\/p>\n<p>Sorti d&rsquo;une formation commerciale forte (Bac ES, BTS MUC, Bachelor Marketing Communication) il a toujours cultiv\u00e9 son go\u00fbt pour le <strong>luxe<\/strong>.<\/p>\n<div>Conscient de la place primordiale de l&rsquo;anglais dans ce domaine, <strong>Cl\u00e9ment LAZUECH<\/strong>\u00a0n&rsquo;a pas eu peur de franchir les fronti\u00e8res.<br \/>\nC&rsquo;est en 2012 qu&rsquo;il saisit\u00a0l&rsquo;\u00a0opportunit\u00e9 de partir \u00e0 l&rsquo;\u00e9tranger pour commencer sa <strong>carri\u00e8re internationale\u00a0de Mannequin Acteur<\/strong> et ainsi renforcer son exp\u00e9rience.<\/div>\n<div><\/div>\n<div><strong>Cl\u00e9ment LAZUECH<\/strong>\u00a0a\u00a0voyag\u00e9 en <strong>Europe<\/strong> mais aussi dans plusieurs pays comme la Thailande, l&rsquo;Inde, Taiwan, la Turquie,\u00a0l&rsquo;Afrique du Sud et bien d&rsquo;autres&#8230; C&rsquo;est loin de <strong>Toulouse,\u00a0sa ville d&rsquo;origine<\/strong>, qu&rsquo;il a pu\u00a0travailler pour\u00a0divers <strong>magazines, campagnes et spots publicitaires<\/strong>\u00a0afin de\u00a0se construire une <strong>renomm\u00e9e mondiale<\/strong>.<\/div>\n<div><\/div>\n<h2><\/h2>\n<h2><\/h2>\n<h2>Devenu aujourd&rsquo;hui blogueur et influenceur, il est \u00e9galement fier de sa r\u00e9gion l&rsquo;Occitanie<\/h2>\n<div>Suivi en masse sur les <strong>r\u00e9seaux sociaux<\/strong> (<a href=\"https:\/\/www.instagram.com\/clementlazuech\/\">Facebook, Instagram<\/a>), il est de\u00a0retour\u00a0dans le <strong>sud de la France<\/strong>\u00a0avec une<strong> reconnaissance\u00a0nationale et\u00a0r\u00e9gionale\u00a0<\/strong>(<a href=\"https:\/\/www.youtube.com\/watch?v=zT-r7AkoKKI\">Passage au 20 heures du JT de France 2<\/a>).<\/div>\n<p>Loin de lui l&rsquo;id\u00e9e de quitter le monde du <strong>Mannequinat<\/strong> et de l&rsquo;<strong>Acting<\/strong>, Cl\u00e9ment LAZUECH\u00a0continue son chemin et s&rsquo;est lanc\u00e9 dans de nouveaux projets.<\/p>\n<p><strong>Blogueur et influenceur<\/strong>, <strong>Cl\u00e9ment Lazuech<\/strong> adore partager toutes ses<strong> aventures<\/strong> et ses <strong>d\u00e9couvertes<\/strong> avec les personnes qui suivent son quotidien depuis quelques ann\u00e9es.<\/p>\n<p><strong>Fier et engag\u00e9 pour l&rsquo;Occitanie<\/strong>, Cl\u00e9ment ne cesse de parler de<strong> sa r\u00e9gion<\/strong> durant ses voyages et de la faire d\u00e9couvrir \u00e0 travers <strong>ses photos Instagram<\/strong>.<\/p>\n<p>&nbsp;<\/p>\n<p>&nbsp;<\/p>\n<p><iframe width=\"1084\" height=\"610\" src=\"https:\/\/www.youtube.com\/embed\/32EtX8wmCxY?feature=oembed\" frameborder=\"0\" allow=\"autoplay; encrypted-media\" allowfullscreen><\/iframe><\/p>\n<p>&nbsp;<\/p>\n<div><\/div>\n<div><\/div>\n<div><\/div>\n","protected":false},"excerpt":{"rendered":"<p>Qui est Cl\u00e9ment Lazuech ? Curieux, sportif et\u00a0ambitieux, Cl\u00e9ment\u00a0LAZUECH\u00a0est\u00a0attir\u00e9\u00a0par le monde de la Mode et de la Com\u00e9die depuis son plus jeune \u00e2ge. Sorti d&rsquo;une formation commerciale forte (Bac ES, BTS MUC, Bachelor Marketing Communication) il a toujours cultiv\u00e9 son go\u00fbt pour le luxe. Conscient de la place primordiale de l&rsquo;anglais dans ce domaine, Cl\u00e9ment [&hellip;]<\/p>\n","protected":false},"author":1,"featured_media":1189,"parent":0,"menu_order":0,"comment_status":"closed","ping_status":"closed","template":"","meta":[],"_links":{"self":[{"href":"https:\/\/clementlazuech.com\/index.php\/wp-json\/wp\/v2\/pages\/165"}],"collection":[{"href":"https:\/\/clementlazuech.com\/index.php\/wp-json\/wp\/v2\/pages"}],"about":[{"href":"https:\/\/clementlazuech.com\/index.php\/wp-json\/wp\/v2\/types\/page"}],"author":[{"embeddable":true,"href":"https:\/\/clementlazuech.com\/index.php\/wp-json\/wp\/v2\/users\/1"}],"replies":[{"embeddable":true,"href":"https:\/\/clementlazuech.com\/index.php\/wp-json\/wp\/v2\/comments?post=165"}],"version-history":[{"count":41,"href":"https:\/\/clementlazuech.com\/index.php\/wp-json\/wp\/v2\/pages\/165\/revisions"}],"predecessor-version":[{"id":1328,"href":"https:\/\/clementlazuech.com\/index.php\/wp-json\/wp\/v2\/pages\/165\/revisions\/1328"}],"wp:featuredmedia":[{"embeddable":true,"href":"https:\/\/clementlazuech.com\/index.php\/wp-json\/wp\/v2\/media\/1189"}],"wp:attachment":[{"href":"https:\/\/clementlazuech.com\/index.php\/wp-json\/wp\/v2\/media?parent=165"}],"curies":[{"name":"wp","href":"https:\/\/api.w.org\/{rel}","templated":true}]}}